i(a) + 5*p(a). Let f(u) = -3*u**2 - 12*u - 13. Let n(m) = -5*f(m) + 4*k(m). Calculate n(6).
17
Suppose 0 = r + 2*r - 6. Let d = -8 - -10. Let m(q) = -40*q**3 + 39*q**3 + q + q**r - 4 + 5*q**d. Determine m(6).
2
Let y(s) = s**2 - 3*s - 4*s - 5 + 2*s + 4. Suppose -4*g + 109 = 17. Suppose -1 + g = 2*p - 4*c, -7 = p + 4*c. What is y(p)?
-1
Let u(z) be the first derivative of -3*z**2 + z + 7. Determine u(-1).
7
Suppose 4*x = 20, 6*x - 19 = g + 3*x. Let c be (9 + -11)/(g/(-2)). Let n(m) = -2*m. Give n(c).
2
Let n(q) = -3*q**2 + 9*q - 6. Let u = -1 - -6. Let x(j) = -7*j**2 + 17*j - 12. Let a(y) = u*n(y) - 2*x(y). What is a(8)?
18
Let s(f) = 6*f**3 - 10*f**2 + 5*f + 8. Let g(p) = 7*p**3 - 11*p**2 + 5*p + 9. Let y(r) = -5*g(r) + 6*s(r). Let v(l) = 2*l + 36. Let w be v(-16). What is y(w)?
7
Let t(a) be the first derivative of -a**4/4 + 2*a + 1. Suppose -5*m + 2*r - 4 = 0, -4*m + 42*r - 43*r = -2. Calculate t(m).
2
Suppose 5*g + 0 = 10. Let l be (-5)/5*1/g*-2. Let m(t) = -12*t. Determine m(l).
-12
Let p(s) = 5*s - 4. Let t(a) = -2*a + 29. Let n be t(13). Calculate p(n).
11
Let v(y) = -7*y**2 + 19*y + 6. Let a = -14 + 10. Let n(x) = 3*x**2 - 9*x - 3. Let q(h) = a*v(h) - 9*n(h). Let d be q(-4). Let r(i) = -3*i. Give r(d).
3
Let o(y) = -9 + 4 + 5 + 8*y. Give o(6).
48
Suppose 5*v = 15, k + 3*v = -v + 16. Let y(p) = p**2. What is y(k)?
16
Let s(x) be the third derivative of 1/4*x**4 + 1/6*x**3 + 0 + x**2 + 0*x. Give s(2).
13
Let d(u) = -102 + 98 + 14*u - 8*u. Calculate d(4).
20
Let u(b) = b**3 + 8*b**2 + 12*b + 6. Let a be u(-6). Let c(f) = f + 6. Give c(a).
12
Let n(y) be the third derivative of -y**5/60 - 3*y**4/8 - 11*y**3/6 + y**2 - 126. Give n(-10).
-21
Let z(h) = -h - 1. Let m(a) = 4*a**2 + 7*a + 1. Let f(y) = -m(y) - 4*z(y). Let j(x) = -x**2 + 1. Let u(d) = -f(d) + 5*j(d). Determine u(6).
-16
Let q = 138 - 131. Suppose -2 = q*a - 9. Let u(k) = 6*k**3 + k**2 - k. Determine u(a).
6
Let n be (-2*1/2)/((-42)/84). Let u(r) = 12*r - 4. Calculate u(n).
20
Suppose -10*p - 52 - 8 = 0. Let v(u) = -2*u - 5. Let k(s) = s + 2. Let w(a) = -7*k(a) - 3*v(a). What is w(p)?
7
Suppose -8*j + 2*j = -12. Let v(x) be the second derivative of j*x**2 + x**3 + x + 0 - 1/12*x**4. What is v(6)?
4
Let s(a) = -10 + 6 + a + 4. Let m(n) = -3*n**2 - 2*n + 12. Let q(o) = m(o) + 3*s(o). Let u(h) = -10*h**2 + 4*h + 36. Let d(z) = 7*q(z) - 2*u(z). Calculate d(0).
12
Let m(g) = -3*g - 6*g - 2*g**2 - 3*g - 5 + g**2 + 14*g. Determine m(3).
-8
Suppose 3*f = 2*l - 4, -4*f - 5*l - 1 = -6*f. Let t(u) = -4*u - 3. Calculate t(f).
5
Let v(c) = -2*c - 11*c + 3 - 8*c + c**3 - 6*c**2 + 27*c. Give v(5).
8
Let o(v) = -v**3 - 15*v**2 - 1. Let z be o(-15). Let f(b) = -b**3 + 3*b**2 - 3*b + 4. Let m = 1 + 2. Let c(l) = 1. Let u(k) = m*c(k) + z*f(k). Determine u(3).
8
Let y(g) be the third derivative of g**5/60 + g**4/8 - g**3/2 + 6*g**2. Let t(m) = 0*m**2 - 5*m**2 + m**2 + 3*m**2. Let c be t(2). Calculate y(c).
1
Let x(q) = -q**2 + q + 47. Let o be x(7). Let n(s) = -13*s. Let w be n(-2). Let p(h) = -w + 0*h + 28 + h + 0*h. Determine p(o).
7
Let k(q) be the third derivative of -q**6/120 + 4*q**5/15 - 2*q**4/3 + 7*q**3/6 + 5*q**2. Let m be k(15). Let u(l) = 0*l**2 - l**2 - 2*l + 6 - 5*l. Give u(m).
-2
Let w = 11 + -10. Suppose n - 55 - w = 0. Let g(h) = -n - h + 56. Calculate g(5).
-5
Let v(t) be the first derivative of -3*t**2/2 - 5*t - 1. Let b = 12 - 9. Suppose -b*l = -3*c - 6, 1 = -5*c + l - 21. Calculate v(c).
10
Let v be -3*(15/(-35) - (-37)/21). Let j be v/6 - (-70)/15. Let b(n) = -1 + n - 2 + 0. Give b(j).
1
Let g = -60 - -55. Let a(y) = y - 3. Let w(k) = -3*k + 7. Let c(b) = g*a(b) - 2*w(b). Let m = -15 + 11. Calculate c(m).
-3
Let s = 1 - 1. Let y(r) = 5*r - 13. Let w(p) be the first derivative of -7*p**2 + 39*p - 7. Let g(h) = 6*w(h) + 17*y(h). Determine g(s).
13
Suppose 54*r = 50*r + 8. Let p(m) = 1 + 0*m - m + 9*m + 3*m. Calculate p(r).
23
Let u(q) = 3*q**3 + q**2 + 7*q + 9. Let w(c) = 2*c**3 + c**2 + 6*c + 7. Let y(j) = 3*u(j) - 4*w(j). Determine y(3).
8
Let p(m) = m - 13. Let y(a) = -a**3 - 17*a**2 - 18*a - 23. Let t be -19 + (-7)/(14/(-6)). Let z be y(t). Give p(z).
-4
Let f(t) = -t + 9. Let u be (-9)/(-18) - (-138)/12. Calculate f(u).
-3
Let j(m) be the second derivative of m**6/360 - 3*m**5/40 + m**4/3 + 25*m**3/6 - 9*m. Let h(l) be the second derivative of j(l). Determine h(9).
8
Let n(g) be the first derivative of -g**5/30 - g**4/8 - g**3/6 + 11*g**2/2 + 19. Let y(o) be the second derivative of n(o). Give y(-3).
-10
Let n = -336 + 341. Let i(q) = 2*q**2 - 6*q + 7. Calculate i(n).
27
Let f(y) be the first derivative of y**2/2 - y + 74. Give f(1).
0
Let j(g) = -g**3 + 7*g**2 + 10*g - 4. Suppose -9*f - 4 = -5*f. Let n(z) = 7*z**2 - 4*z - 3. Let b be n(f). Calculate j(b).
12
Suppose a + 3*a - 3*m = -1, -13 = -2*a - 3*m. Let t(s) = 7 - 2*s - 2 - a. Let d be 4/10 + (-36)/(-10). What is t(d)?
-5
Let t(d) be the second derivative of -1/12*d**4 + d**2 - 15*d + 1/6*d**3 + 0. Calculate t(3).
-4
Let r(n) = n**2 + n - 3. Let i be r(-3). Let f(q) = q + i - 10 + 6. Give f(6).
5
Suppose 2*h + 21 = -3*f - 0, -4*h + 2*f - 2 = 0. Let y = h - -6. Let b(m) = 6*m**3 - y - m + m**2 - 5*m**3 + 0 - m. Calculate b(-2).
-3
Let i(y) be the third derivative of y**6/120 - y**5/10 + y**4/8 + y**3/6 - 81*y**2. Give i(4).
-19
Let q(v) = 24978 - 24978 + 3*v. Let z(r) = -r**3 + 4*r**2 + r - 5. Let j be z(4). Determine q(j).
-3
Suppose 2*s = w - 13, -7*w + 61 = -3*w + s. Suppose -6*z - w = -3*x - 2*z, 2*z = 2*x - 10. Let f(t) = t**3 - 6*t**2 + 6*t + 5. Determine f(x).
10
Suppose -3*j + 3*j = -2*j. Let y(o) = 11*o**2 + 4*o + 1 + 2 + j - 10*o**2. What is y(-4)?
3
Let z be (-2 + 1 - 0) + 4. Let y(g) = -g**2 + g - 2. Determine y(z).
-8
Let f(d) = d**2 - 6*d - 3. Let z = -41 + 25. Let k be (232/z)/(2/(-4)). Let n = k - 25. Give f(n).
-11
Let v(i) be the second derivative of 5*i**4/12 - 2*i**3 - i**2/2 + 213*i - 1. Determine v(2).
-5
Let c(l) = -l**3 - 6*l**2 + 4*l - 8. Let u(z) = -2*z**2 + 20*z + 15. Let i be u(11). Calculate c(i).
13
Let l(k) = k**2 - 8*k + 4. Suppose -d - 23 = -4*o, -5*d - 47 = -6*o + 3*o. Let u be 4/7 + (-17)/d. Give l(u).
-11
Let a = 238 - 246. Let k(b) = -b**3 - 7*b**2 + 11*b + 6. What is k(a)?
-18
Let c(f) be the third derivative of f**5/60 - f**4/6 - 5*f**3/6 + 2*f**2. Let b = 570 - 566. Determine c(b).
-5
Let f(p) = 4*p - 3. Let q(d) = -3*d**3 - 173*d**2 + 57*d - 56. Let v be q(-58). What is f(v)?
5
Let r(m) be the second derivative of -m**4/6 - 5*m**3/2 - 11*m**2/2 - 3*m. Let s be r(-6). Let l(q) = -q**3 + 6*q**2 + 8*q - 5. What is l(s)?
2
Suppose k = u - 5, 3*u - 3 - 2 = -2*k. Suppose 0 = 5*y + u - 28. Let b(l) = y*l + l - 9*l. Determine b(-4).
12
Let z(b) be the first derivative of -17*b**2/2 + 79*b + 580. What is z(5)?
-6
Let d be 14 + -2 + 0 + -2. Let p = d - 7. Let n(r) = -7*r - r**p + 8*r + 0*r. Give n(1).
0
Let v(k) = -3*k**3 - 7*k**2 + 5*k - 5. Let r(x) = -x**3 - x**2 + x - 1. Let t(b) = -2*r(b) + v(b). Calculate t(-4).
-31
Let h(a) = 16*a**2 + a + 5. Let t(p) = 2*p - 10*p**2 - 9*p**2 - 4 + 4*p**2 - 3*p. Let q(w) = 4*h(w) + 5*t(w). Calculate q(1).
-12
Let g(j) = -5*j - 13. Let d(p) = 14*p + 39. Let r(f) = -f**2 + 8*f - 1. Let x be r(7). Let s(t) = x*d(t) + 17*g(t). Calculate s(9).
4
Suppose 5*l = -3*k + 13, 0 = 5*l + 3*k - 7*k - 6. Let o(w) = w**3 - 3*w + 5 + w**2 - 6*w**l + 7*w + 0*w. Calculate o(4).
5
Let z be (-49)/35 + 3*8/(-15). Let m(o) = -4 + 2*o**2 - 3*o + 2*o**2 + o**3 + 0*o**2. Give m(z).
14
Let d(h) be the first derivative of h**6/120 - 7*h**5/60 - 7*h**4/24 + 11*h**3/6 + 8*h**2 + 29. Let u(l) be the second derivative of d(l). Calculate u(8).
19
Let z(r) = -r**3 + r**2 + r + 2. Let g(t) = -6*t**3 + 9*t**2 + 5*t + 12. Let p(u) = -g(u) + 5*z(u). What is p(2)?
-10
Suppose a + 8 = -2*b, -3*a + 4*b + 16 = a. Let o(w) be the third derivative of 1/4*w**4 + a*w**3 + 1/30*w**5 + 0 + 5*w**2 + 0*w. Determine o(-4).
8
Suppose -j + 18 = 17. Let d(q) = -6*q**2 + 4*q. Let r(n) = n**2 - n. Let h(u) = -d(u) - 4*r(u). Determine h(j).
2
Let d be 1 + -2 - (0 - 7). Let c(w) be the second derivative of -5 - 1/12*w**4 + 4/3*w**3 - 2*w + 0*w**2. What is c(d)?
12
Let f(o) = 11*o - 3 - 7*o - 2*o**3 + o**3 + 8*o**2 - 9*o. Let u(q) = 2*q**3 - 17*q**2 + 11*q + 6. Let x(m) = 7*f(m) + 3*u(m). Determine x(5).
